is divided by 42.
6
What is the remainder when 1953 is divided by 12?
9
Calculate the remainder when 1790 is divided by 64.
62
What is the remainder when 121 is divided by 23?
6
Calculate the remainder when 97978 is divided by 138.
136
What is the remainder when 546 is divided by 150?
96
Calculate the remainder when 68 is divided by 54.
14
Calculate the remainder when 148 is divided by 39.
31
What is the remainder when 113 is divided by 18?
5
Calculate the remainder when 2898 is divided by 170.
8
What is the remainder when 292 is divided by 27?
22
Calculate the remainder when 82813 is divided by 128.
125
What is the remainder when 870 is divided by 159?
75
Calculate the remainder when 1858 is divided by 30.
28
What is the remainder when 6263 is divided by 58?
57
Calculate the remainder when 298 is divided by 151.
147
Calculate the remainder when 197 is divided by 56.
29
What is the remainder when 134 is divided by 11?
2
Calculate the remainder when 1262 is divided by 23.
20
What is the remainder when 636 is divided by 11?
9
Calculate the remainder when 418 is divided by 70.
68
Calculate the remainder when 934 is divided by 16.
6
Calculate the remainder when 2410 is divided by 798.
16
Calculate the remainder when 24938 is divided by 116.
114
What is the remainder when 2221 is divided by 194?
87
What is the remainder when 2802 is divided by 1396?
10
Calculate the remainder when 94 is divided by 27.
13
What is the remainder when 370 is divided by 18?
10
Calculate the remainder when 416 is divided by 71.
61
What is the remainder when 674 is divided by 40?
34
Calculate the remainder when 354 is divided by 39.
3
Calculate the remainder when 288 is divided by 56.
8
What is the remainder when 1664 is divided by 418?
410
Calculate the remainder when 5386 is divided by 11.
7
What is the remainder when 3616 is divided by 181?
177
Calculate the remainder when 2650 is divided by 51.
49
What is the remainder when 2429 is divided by 81?
80
What is the remainder when 239 is divided by 15?
14
What is the remainder when 69 is divided by 25?
19
What is the remainder when 534 is divided by 146?
96
What is the remainder when 463 is divided by 157?
149
What is the remainder when 446 is divided by 156?
134
What is the remainder when 161 is divided by 43?
32
What is the remainder when 21 is divided by 11?
10
What is the remainder when 56 is divided by 31?
25
What is the remainder when 47 is divided by 24?
23
What is the remainder when 364 is divided by 41?
36
What is the remainder when 10914 is divided by 420?
414
What is the remainder when 100 is divided by 20?
0
What is the remainder when 283 is divided by 250?
33
What is the remainder when 1016 is divided by 102?
98
Calculate the remainder when 1869 is divided by 35.
14
What is the remainder when 261 is divided by 38?
33
Calculate the remainder when 266 is divided by 41.
20
What is the remainder when 177 is divided by 9?
6
What is the remainder when 393 is divided by 18?
15
What is the remainder when 1845 is divided by 615?
0
Calculate the remainder when 28957 is divided by 16.
13
Calculate the remainder when 794 is divided by 161.
150
What is the remainder when 4712 is divided by 294?
8
Calculate the remainder when 491 is divided by 16.
11
What is the remainder when 238 is divided by 49?
42
What is the remainder when 4004 is divided by 18?
8
Calculate the remainder when 319 is divided by 16.
15
Calculate the remainder when 338 is divided by 58.
48
Calculate the remainder when 7364 is divided by 101.
92
What is the remainder when 3189 is divided by 22?
21
What is the remainder when 194 is divided by 95?
4
What is the remainder when 295 is divided by 84?
43
What is the remainder when 98 is divided by 39?
20
Calculate the remainder when 869 is divided by 30.
29
Calculate the remainder when 840 is divided by 46.
12
Calculate the remainder when 96 is divided by 25.
21
Calculate the remainder when 452 is divided by 65.
62
Calculate the remainder when 36748 is divided by 13.
10
What is the remainder when 130 is divided by 44?
42
Calculate the remainder when 505 is divided by 173.
159
Calculate the remainder when 1196 is divided by 107.
19
Calculate the remainder when 480 is divided by 153.
21
What is the remainder when 676 is divided by 178?
142
What is the remainder when 219 is divided by 22?
21
Calculate the remainder when 277 is divided by 56.
53
Calculate the remainder when 4802 is divided by 178.
174
What is the remainder when 890 is divided by 99?
98
Calculate the remainder when 47 is divided by 34.
13
What is the remainder when 751 is divided by 126?
121
What is the remainder when 358 is divided by 357?
1
What is the remainder when 354 is divided by 24?
18
What is the remainder when 8318 is divided by 64?
62
What is the remainder when 283 is divided by 18?
13
What is the remainder when 1423 is divided by 25?
23
What is the remainder when 143 is divided by 35?
3
What is the remainder when 705 is divided by 68?
25
What is the remainder when 611 is divided by 57?
41
What is the remainder when 424 is divided by 46?
10
What is the remainder when 131 is divided by 23?
16
What is the remainder when 329 is divided by 17?
6
What is the remainder when 95 is divided by 17?
10
What is the remainder when 965 is divided by 228?
53
What is the remainder when 2190 is divided by 39?
6
Calculate the remainder when 169 is divided by 85.
84
What is the remainder when 530 is divided by 238?
54
What is the remainder when 3159 is divided by 70?
9
What is the remainder when 726 is divided by 151?
122
Calculate the remainder when 668 is divided by 326.
16
What is the remainder when 265 is divided by 70?
55
Calculate the remainder when 4569 is divided by 286.
279
What is the remainder when 573 is divided by 32?
29
What is the remainder when 5598 is divided by 16?
14
What is the remainder when 1250 is divided by 399?
53
Calculate the remainder when 503 is divided by 74.
59
Calculate the remainder when 298 is divided by 38.
32
Calculate the remainder when 120 is divided by 52.
16
Calculate the remainder when 572 is divided by 156.
104
Calculate the remainder when 197 is divided by 67.
63
Calculate the remainder when 317 is divided by 57.
32
What is the remainder when 67 is divided by 39?
28
Calculate the remainder when 33 is divided by 9.
6
What is the remainder when 68 is divided by 14?
12
What is the remainder when 440 is divided by 44?
0
Calculate the remainder when 3197 is divided by 6.
5
Calculate the remainder when 153 is divided by 51.
0
What is the remainder when 104 is divided by 60?
44
Calculate the remainder when 199 is divided by 48.
7
What is the remainder when 842 is divided by 25?
17
What is the remainder when 687 is divided by 338?
11
Calculate the remainder when 264 is divided by 87.
3
What is the remainder when 1947 is divided by 26?
23
Calculate the remainder when 38 is divided by 7.
3
Calculate the remainder when 736 is divided by 203.
127
Calculate the remainder when 314 is divided by 101.
11
What is the remainder when 29 is divided by 8?
5
What is the remainder when 121 is divided by 51?
19
Calculate the remainder when 1594 is divided by 124.
106
Calculate the remainder when 608 is divided by 9.
5
What is the remainder when 1320 is divided by 49?
46
Calculate the remainder when 169 is divided by 6.
1
What is the remainder when 1319 is divided by 15?
14
What is the remainder when 470 is divided by 30?
20
Calculate the remainder when 517 is divided by 29.
24
What is the remainder when 79 is divided by 12?
7
What is the remainder when 22 is divided by 8?
6
What is the remainder when 218 is divided by 73?
72
Calculate the remainder when 59 is divided by 16.
11
What is the remainder when 193 is divided by 78?
37
What is the remainder when 186 is divided by 53?
27
What is the remainder when 892 is divided by 17?
8
What is the remainder when 574 is divided by 9?
7
Calculate the remainder when 688 is divided by 99.
94
What is the remainder when 4859 is divided by 22?
19
What is the remainder when 222 is divided by 14?
12
What is the remainder when 370 is divided by 119?
13
Calculate the remainder when 271 is divided by 55.
51
Calculate the remainder when 2326 is divided by 763.
37
What is the remainder when 303 is divided